 Let b(a) = -a**3 + 8*a**2 + 8*a + 8. Let o be b(8). Calculate the highest common divisor of o and t.
36
Suppose -17*h + 702 = 9*h. Suppose -h*l + 17*l + 200 = 0. What is the greatest common divisor of l and 10?
10
Let p(l) = l**2 + 31*l - 38. Let h be p(-32). Let c be (-3)/(h/(-175))*(-20 + 18). What is the greatest common divisor of 125 and c?
25
Let q be (-669)/(-2)*(-4)/(-3). Let d = q - 14. What is the highest common divisor of d and 36?
36
Let h = 35 + -5. Suppose -2*g + h = 18. Suppose 170 = g*k - 4*k. Calculate the highest common divisor of k and 34.
17
Suppose -10*z - 157 = -138 - 89. Calculate the greatest common divisor of 37 and z.
1
Let y be (2 + (-6)/7)*7. Suppose -y*v + 112 = 6*v. Calculate the highest common factor of 12 and v.
4
Let z be 63/5 - (-21)/(-35). Let a = -4290 + 4368. What is the highest common divisor of z and a?
6
Let x be 42*(5 - -1) + (-324)/(-108). Suppose 220 = 19*s - x. Calculate the greatest common factor of s and 625.
25
Let k(n) = 30*n. Let q be k(4). Let h be -6*1*12/(-96) + (-17577)/(-372). What is the highest common factor of q and h?
24
Let j be (12/5 - 2)/((-1)/(-5)). Let h be ((-120)/18)/j + 3/9. Let s be (42/8 + -2)/(h/(-12)). What is the greatest common factor of 1 and s?
1
Let l be ((-2)/3)/(32/(-96)). Suppose 24 = l*p - 2*x, p - 5*x + 7 = 3. What is the highest common divisor of p and 16?
16
Suppose -2*q = 6, p + 132 = 4*p + 4*q. Suppose -p = 3*u - 6*u. Suppose 0 = 20*z - u*z - 184. Calculate the highest common factor of 115 and z.
23
Let n(a) = a**3 - 21*a**2 + 2*a - 34. Let p be n(22). Calculate the greatest common factor of 152 and p.
38
Let k = -705 + 577. Let s = k + 314. What is the greatest common divisor of 12 and s?
6
Suppose 7*n + 230 = 9*n. Suppose 2*k - 41 = -n. Let f = k + 44. What is the greatest common divisor of 63 and f?
7
Suppose 92*q - 84 = 50*q. Calculate the greatest common divisor of 626 and q.
2
Suppose -2*c = -29 - 19. Let w = -180 - -171. Let t(g) = -2*g**3 - 19*g**2 - 13*g + 24. Let z be t(w). Calculate the highest common divisor of c and z.
12
Let p(s) be the first derivative of 2/3*s**3 + 42 - 6*s + 5*s**2. Let c be p(-12). Calculate the highest common divisor of c and 18.
18
Let c(t) = -t**2 - 2*t + 2. Let f be c(-3). Let k be f/((-3 - -9)/(-84)). What is the greatest common divisor of k and 126?
14
Let r(j) = 8*j + 38. Let f be r(-15). Let u = -78 - f. Suppose u*q + 4*z - 40 = 0, -5*q + 2*z = 6*z - 52. What is the greatest common factor of 6 and q?
6
Suppose 48*j + 4079 = 12239. Let l = -226 - -464. Calculate the highest common divisor of l and j.
34
Suppose 7158 - 17168 = -11*a. What is the highest common factor of a and 1690?
130
Suppose 3*i - 2*p = 220, -3*p = -5*i - 6*p + 354. Let x be i/10*(-360)/(-54). Calculate the highest common divisor of 48 and x.
48
Let o = 1225 + 2855. Calculate the highest common divisor of 36 and o.
12
Let g be (1*(-133)/14 + (-18)/(-2))*-252. Calculate the greatest common divisor of g and 1926.
18
Let x be 61/(44/(-8) + 6). Let r be (-5)/(x/(-30) - (-12)/3). Calculate the highest common divisor of r and 25.
25
Let k(g) = 41*g + 331. Let p be k(7). Calculate the greatest common divisor of p and 10.
2
Let c(u) = -u**3 + 5*u**2 + 5*u - 15. Let z be c(6). Let f = 7 - z. Suppose -42 = -0*b - 3*b. What is the highest common divisor of f and b?
14
Let l(i) = i**3 - 8*i**2 + 8*i. Let d be l(8). Let s = 2902 - 2898. Calculate the greatest common factor of s and d.
4
Let a = 12 - -24. Let y = a - 42. Let g be 6*5/y*-56. What is the greatest common divisor of g and 40?
40
Let l(h) = -h**3 + 8*h**2 + 9*h - 12. Let b be l(8). Suppose 10*a + 3*y - 80 = 190, 40 = 3*a + 5*y. Calculate the greatest common divisor of b and a.
30
Suppose 0 = 42*s - 19488 + 1176 - 22386. What is the greatest common divisor of 867 and s?
51
Let h(t) = 3 - 5*t - 4*t**2 + 0*t - t**2 + 2*t + 2*t - 78*t**3. Let w be h(-1). Suppose -100 + 12 = -4*n. Calculate the greatest common divisor of w and n.
11
Let u = 4819 - 4175. What is the highest common divisor of 4600 and u?
92
Suppose -4*c - 5*s = 423, -2*s + 432 = -4*c + 2*s. Let t = 200 + c. Calculate the highest common divisor of 62 and t.
31
Let y be (32/(-6))/((-30)/45). Calculate the highest common factor of 2104 and y.
8
Let z be 0 + 11 - (27 + 26 + -63). Calculate the greatest common factor of z and 1386.
21
Suppose -f - 115*g + 83 = -110*g, g + 122 = 2*f. Calculate the greatest common divisor of f and 2925.
9
Let g(t) = t**2 - 7*t - 10. Let d(o) = -o + 18. Let w be d(-9). Suppose -5*k = -8*k + w. Let b be g(k). Calculate the greatest common divisor of b and 1.
1
Suppose -3*k = -o - 11565, 0 = 57*o - 56*o - 9. What is the greatest common factor of 48 and k?
6
Let d be -10*(27/(-27) - 738/4). Suppose 38*l + d = 6719. Calculate the greatest common divisor of 576 and l.
64
Suppose 24 = -4*l + 44. Suppose -2*j + 0*j - 83 = -l*v, -4*j + 4 = 0. What is the greatest common factor of 153 and v?
17
Let l be 7459/2 - 19/38. What is the highest common factor of 33 and l?
33
Let x = 37642 + -7212. Calculate the highest common divisor of 170 and x.
170
Let l be (-1)/5*(-3775)/151. Let p = -1187 - 184. Let r be p/(-21) + 6/(-21). Calculate the highest common divisor of r and l.
5
Let r(h) = 69*h + 89. Let j be r(-1). Calculate the greatest common divisor of 20 and j.
20
Suppose -15 - 505 = -4*j. Let b be (-30)/(-9)*936/16. Calculate the greatest common factor of j and b.
65
Suppose -667 = -3*d - 2*s, -3*d + s + 84 = -586. Let v = 94 - d. Let a = -99 - v. What is the highest common factor of a and 75?
15
Let v(d) = 24*d - 24*d + 12 - 21*d - 9*d. Let t be v(-5). Let g = -17 + 35. What is the highest common divisor of t and g?
18
Let q = -76 - -143. Suppose 2*t = 4*w - 1346, -56*t = 4*w - 54*t - 1334. What is the greatest common divisor of w and q?
67
Suppose -20*y + 1908 = 19*y - 35*y. Calculate the highest common divisor of y and 9.
9
Let q be (4/(-16))/(10/(-13360)). Let i = q - 282. What is the highest common factor of 676 and i?
52
Suppose 0 = -4*r + 12, -3*r + 2330 = -2*y + 14629. What is the greatest common divisor of 102 and y?
34
Suppose 0 = 10*g + 132*g + 7*g - 56173. Calculate the greatest common factor of 870 and g.
29
Let h(y) = 8*y + 483. Let b be h(-54). What is the highest common factor of b and 119?
17
Suppose 3*f + 48 = 3*s, -s = f - 5 - 1. Let u be (-9)/(567/14) + -6 + (-33445)/(-45). What is the highest common factor of s and u?
11
Let d be ((-7280)/3)/(6/(-36)). Suppose -11*y = 1228 - d. Calculate the greatest common factor of y and 12.
12
Let x(b) = 117*b - 2. Let s be x(2). Let n be (1/((-9)/(-29)))/((-29)/(-261)). What is the highest common factor of n and s?
29
Let k = -254 - -302. Let o = k - 33. What is the highest common divisor of 12 and o?
3
Let j(r) = r**3 - r**2 - 3*r + 2. Let z be j(5). Suppose -270*x + 29349 = -72441. Calculate the highest common factor of x and z.
29
Let m be 185 - ((-1886)/451 + 4/22). Suppose 4*k + k - 5*j = 120, 68 = 3*k - j. Let d = k - 1. Calculate the greatest common divisor of m and d.
21
Suppose -19*k + 24*k = -3*l - 17, 1 = 5*l + k. Let z be (-2)/2 - (l + -7)*1. Let f be (1/(-2))/(1/(-110)). Calculate the highest common factor of f and z.
5
Let j(f) = f**3 + 8*f**2 - 10*f - 5. Let g be j(-9). Let q = -48 - -129. Suppose 4*i = 7 + q. What is the greatest common factor of i and g?
2
Suppose 897 = -12*o + 25*o. Suppose -209 = -10*s - o. What is the greatest common factor of 2 and s?
2
Let k = 6483 + -6373. What is the greatest common divisor of 1067 and k?
11
Let q(r) = -40*r - 16. Suppose -x = -5*n - 22, -x + 3*n = 8*n + 28. Let o be q(x). Calculate the highest common divisor of 24 and o.
8
Let a be (-35)/2*(-48)/30. Let u = 157 - 143. What is the highest common factor of u and a?
14
Let q(r) = 1458*r**2 + 50*r - 167. Let v be q(3). What is the highest common divisor of v and 5?
5
Suppose 0 = 3*k - 2*k - 29. Let i = -935 + 931. Let q be 232 + (-1 + (-2 - i))*0. Calculate the greatest common divisor of k and q.
29
Let h(c) = 760*c + 4969. Let k be h(8). What is the highest common factor of k and 87?
87
Let k be 175/250 + (-6)/(-20). Let c be 2380/51*18/7*k. Calculate the greatest common divisor of c and 90.
30
Let z(c) = 1364*c - 41. Let p be z(1). What is the highest common di